{"id":2025,"date":"2022-12-06T00:35:51","date_gmt":"2022-12-05T23:35:51","guid":{"rendered":"https:\/\/weronika.kortas.prac.umk.pl\/wordpress\/?page_id=2025"},"modified":"2022-12-06T00:42:43","modified_gmt":"2022-12-05T23:42:43","slug":"deklaracja-dostepnosci","status":"publish","type":"page","link":"https:\/\/weronika.kortas.prac.umk.pl\/wordpress\/deklaracja-dostepnosci\/","title":{"rendered":"Deklaracja dost\u0119pno\u015bci"},"content":{"rendered":"\t\t<div data-elementor-type=\"wp-page\" data-elementor-id=\"2025\" class=\"elementor elementor-2025\">\n\t\t\t\t\t\t<section class=\"elementor-section elementor-top-section elementor-element elementor-element-c46350f elementor-section-boxed elementor-section-height-default elementor-section-height-default\" data-id=\"c46350f\" data-element_type=\"section\" data-e-type=\"section\">\n\t\t\t\t\t\t<div class=\"elementor-container elementor-column-gap-default\">\n\t\t\t\t\t<div class=\"elementor-column elementor-col-100 elementor-top-column elementor-element elementor-element-ac15433\" data-id=\"ac15433\" data-element_type=\"column\" data-e-type=\"column\">\n\t\t\t<div class=\"elementor-widget-wrap elementor-element-populated\">\n\t\t\t\t\t\t<div class=\"elementor-element elementor-element-4cfd624 elementor-align-center elementor-widget elementor-widget-button\" data-id=\"4cfd624\" data-element_type=\"widget\" data-e-type=\"widget\" data-widget_type=\"button.default\">\n\t\t\t\t<div class=\"elementor-widget-container\">\n\t\t\t\t\t\t\t\t\t<div class=\"elementor-button-wrapper\">\n\t\t\t\t\t<a class=\"elementor-button elementor-button-link elementor-size-sm\" href=\"https:\/\/weronika.kortas.prac.umk.pl\/\">\n\t\t\t\t\t\t<span class=\"elementor-button-content-wrapper\">\n\t\t\t\t\t\t<span class=\"elementor-button-icon\">\n\t\t\t\t<i aria-hidden=\"true\" class=\"fas fa-home\"><\/i>\t\t\t<\/span>\n\t\t\t\t\t\t\t\t\t<span class=\"elementor-button-text\">Powr\u00f3t na poprzedni\u0105 stron\u0119<\/span>\n\t\t\t\t\t<\/span>\n\t\t\t\t\t<\/a>\n\t\t\t\t<\/div>\n\t\t\t\t\t\t\t\t<\/div>\n\t\t\t\t<\/div>\n\t\t\t\t\t<\/div>\n\t\t<\/div>\n\t\t\t\t\t<\/div>\n\t\t<\/section>\n\t\t\t\t<section class=\"elementor-section elementor-top-section elementor-element elementor-element-77a1f19 elementor-section-boxed elementor-section-height-default elementor-section-height-default\" data-id=\"77a1f19\" data-element_type=\"section\" data-e-type=\"section\">\n\t\t\t\t\t\t<div class=\"elementor-container elementor-column-gap-default\">\n\t\t\t\t\t<div class=\"elementor-column elementor-col-100 elementor-top-column elementor-element elementor-element-effd72f\" data-id=\"effd72f\" data-element_type=\"column\" data-e-type=\"column\">\n\t\t\t<div class=\"elementor-widget-wrap elementor-element-populated\">\n\t\t\t\t\t\t<div class=\"elementor-element elementor-element-e3d3a02 elementor-widget elementor-widget-text-editor\" data-id=\"e3d3a02\" data-element_type=\"widget\" data-e-type=\"widget\" data-widget_type=\"text-editor.default\">\n\t\t\t\t<div class=\"elementor-widget-container\">\n\t\t\t\t\t\t\t\t\t<h1>Deklaracja dost\u0119pno\u015bci<\/h1><p id=\"a11y-wstep\"><span id=\"a11y-podmiot\">Uniwersytet Miko\u0142aja Kopernika<\/span> zobowi\u0105zuje si\u0119 zapewni\u0107 dost\u0119pno\u015b\u0107 swojej strony internetowej zgodnie z przepisami ustawy z dnia 4\u00a0kwietnia 2019\u00a0r. o\u00a0dost\u0119pno\u015bci cyfrowej stron internetowych i\u00a0aplikacji mobilnych podmiot\u00f3w publicznych. O\u015bwiadczenie w sprawie dost\u0119pno\u015bci ma zastosowanie do strony internetowej <a id=\"a11y-url\" href=\"https:\/\/weronika.kortas.prac.umk.pl\/\">dr Weroniki Kortas<\/a>.<\/p><ul><li>Data publikacji strony internetowej: <time id=\"a11y-data-publikacja\" datetime=\"2021-09-07\">2021-09-07<\/time><\/li><li>Data ostatniej istotnej aktualizacji: <time id=\"a11y-data-aktualizacja\" datetime=\"2022-12-06\">2022-12-06<\/time><\/li><\/ul><h2>Status pod wzgl\u0119dem zgodno\u015bci z ustaw\u0105<\/h2><p>Strona internetowa jest <strong id=\"a11y-status\">cz\u0119\u015bciowo zgodna<\/strong> z\u00a0ustaw\u0105 o\u00a0dost\u0119pno\u015bci cyfrowej stron internetowych i\u00a0aplikacji mobilnych podmiot\u00f3w publicznych z\u00a0powodu niezgodno\u015bci lub wy\u0142\u0105cze\u0144 wymienionych poni\u017cej.<\/p><h3>Tre\u015bci niedost\u0119pne<\/h3><ul><li>nie wida\u0107, kt\u00f3ry element jest aktywny przy nawigacji klawiatur\u0105<\/li><li>nie ma ostrze\u017ce\u0144 przed otwarciem nowego okna\/zak\u0142adki w przegl\u0105darce<\/li><li>nawigacja za pomoc\u0105 klawiatury nie jest logiczna i zgodna z wygl\u0105dem strony<\/li><li>po powi\u0119kszeniu widoku strony do 200% nie wida\u0107 ca\u0142o\u015bci informacji ze strony<\/li><li>na stronie jest informacja przekazywana jedynie za pomoc\u0105 koloru<\/li><li>tytu\u0142y stron nie maj\u0105 poprawnej struktury<\/li><li>nag\u0142\u00f3wki nie s\u0105 zdefiniowane w kodzie strony w odpowiedniej kolejno\u015bci<\/li><li>listy element\u00f3w nie zawsze s\u0105 zdefiniowane w kodzie strony<\/li><li>linki menu nie s\u0105 poprawnie zgrupowane w kodzie w list\u0119<\/li><li>na stronie s\u0105 puste linki<\/li><li>cele i dzia\u0142ania link\u00f3w nie s\u0105 \u0142atwe do zrozumienia<\/li><li>nie wszystkie grafiki maj\u0105 poprawnie sformu\u0142owany atrybut ALT<\/li><li>tre\u015bci obcoj\u0119zyczne nie maj\u0105 poprawnie zdefiniowanego j\u0119zyka<\/li><li>po wy\u0142\u0105czeniu styl\u00f3w CSS informacje na stronie nie s\u0105 czytelne<\/li><li>selektor CSS outline wy\u0142\u0105cza fokus<\/li><li>kontrast element\u00f3w interfejsu i grafik pozwalaj\u0105cych na zrozumienie tre\u015bci lub nios\u0105cych wa\u017cne informacje w stosunku do t\u0142a nie zawsze wynosi co najmniej 3:1<\/li><li>na stronie s\u0105 b\u0142\u0119dy walidacji<\/li><li>nie ka\u017cdy element graficzny ma poprawnie przypisan\u0105 alternatyw\u0119 tekstow\u0105<\/li><\/ul><h3>Wy\u0142\u0105czenia<\/h3><ul><li>Cz\u0119\u015b\u0107 dokument\u00f3w zosta\u0142a utworzona przez 23 wrze\u015bnia 2018 roku<\/li><\/ul><h3>Przygotowanie deklaracji w sprawie dost\u0119pno\u015bci<\/h3><ul><li>Deklaracj\u0119 sporz\u0105dzono dnia: <time id=\"a11y-data-sporzadzenie\" datetime=\"2022-12-06\">2022-12-06<\/time><\/li><li>Deklaracj\u0119 zosta\u0142a ostatnio poddana przegl\u0105dowi i aktualizacji dnia: <time id=\"a11y-data-deklaracja-przeglad\" datetime=\"2022-12-06\">2022-12-06<\/time><\/li><\/ul><p>Deklaracj\u0119 sporz\u0105dzono na podstawie samooceny.<\/p><h2 id=\"a11y-kontakt\">Informacje zwrotne i dane kontaktowe<\/h2><p>W przypadku problem\u00f3w z dost\u0119pno\u015bci\u0105 strony internetowej prosimy o kontakt. Na adres poczty elektronicznej\u202f <b>dostepnosc@umk.pl<\/b>\u202fmo\u017cna sk\u0142ada\u0107 wnioski o udost\u0119pnienie informacji niedost\u0119pnej oraz sk\u0142ada\u0107 skargi na brak zapewnienia dost\u0119pno\u015bci.<\/p><p>\u017b\u0105danie musi zawiera\u0107:<\/p><ul><li>dane kontaktowe osoby zg\u0142aszaj\u0105cej,<\/li><li>wskazanie strony lub elementu strony, kt\u00f3rej dotyczy \u017c\u0105danie,<\/li><li>wskazanie dogodnej formy udost\u0119pnienia informacji, je\u015bli \u017c\u0105danie dotyczy udost\u0119pnienia w formie alternatywnej informacji niedost\u0119pnej.<\/li><\/ul><p>Rozpatrzenie zg\u0142oszenia powinno nast\u0105pi\u0107 niezw\u0142ocznie, najp\u00f3\u017aniej w ci\u0105gu 7 dni. Je\u015bli w tym terminie zapewnienie dost\u0119pno\u015bci albo zapewnienie dost\u0119pu w alternatywnej formie nie jest mo\u017cliwe, powinno nast\u0105pi\u0107 najdalej w ci\u0105gu 2 miesi\u0119cy od daty zg\u0142oszenia.<\/p><p>W przypadku, gdy podmiot odm\u00f3wi realizacji \u017c\u0105dania zapewnienia dost\u0119pno\u015bci lub alternatywnego dost\u0119pu do informacji, mo\u017cna z\u0142o\u017cy\u0107 skarg\u0119 na takie dzia\u0142anie. Po wyczerpaniu wszystkich mo\u017cliwo\u015bci skarg\u0119 mo\u017cna przes\u0142a\u0107 tak\u017ce do Rzecznika Praw Obywatelskich.<\/p>\t\t\t\t\t\t\t\t<\/div>\n\t\t\t\t<\/div>\n\t\t\t\t\t<\/div>\n\t\t<\/div>\n\t\t\t\t\t<\/div>\n\t\t<\/section>\n\t\t\t\t<section class=\"elementor-section elementor-top-section elementor-element elementor-element-9295478 elementor-section-boxed elementor-section-height-default elementor-section-height-default\" data-id=\"9295478\" data-element_type=\"section\" data-e-type=\"section\">\n\t\t\t\t\t\t<div class=\"elementor-container elementor-column-gap-default\">\n\t\t\t\t\t<div class=\"elementor-column elementor-col-100 elementor-top-column elementor-element elementor-element-0a3326e\" data-id=\"0a3326e\" data-element_type=\"column\" data-e-type=\"column\">\n\t\t\t<div class=\"elementor-widget-wrap elementor-element-populated\">\n\t\t\t\t\t\t<div class=\"elementor-element elementor-element-fd5bedd elementor-align-center elementor-widget elementor-widget-button\" data-id=\"fd5bedd\" data-element_type=\"widget\" data-e-type=\"widget\" data-widget_type=\"button.default\">\n\t\t\t\t<div class=\"elementor-widget-container\">\n\t\t\t\t\t\t\t\t\t<div class=\"elementor-button-wrapper\">\n\t\t\t\t\t<a class=\"elementor-button elementor-button-link elementor-size-sm\" href=\"https:\/\/weronika.kortas.prac.umk.pl\/\">\n\t\t\t\t\t\t<span class=\"elementor-button-content-wrapper\">\n\t\t\t\t\t\t<span class=\"elementor-button-icon\">\n\t\t\t\t<i aria-hidden=\"true\" class=\"fas fa-home\"><\/i>\t\t\t<\/span>\n\t\t\t\t\t\t\t\t\t<span class=\"elementor-button-text\">Powr\u00f3t na poprzedni\u0105 stron\u0119<\/span>\n\t\t\t\t\t<\/span>\n\t\t\t\t\t<\/a>\n\t\t\t\t<\/div>\n\t\t\t\t\t\t\t\t<\/div>\n\t\t\t\t<\/div>\n\t\t\t\t\t<\/div>\n\t\t<\/div>\n\t\t\t\t\t<\/div>\n\t\t<\/section>\n\t\t\t\t<\/div>\n\t\t","protected":false},"excerpt":{"rendered":"<p>Powr\u00f3t na poprzedni\u0105 stron\u0119 Deklaracja dost\u0119pno\u015bci Uniwersytet Miko\u0142aja Kopernika zobowi\u0105zuje si\u0119 zapewni\u0107 dost\u0119pno\u015b\u0107 swojej strony internetowej zgodnie z przepisami ustawy z dnia 4\u00a0kwietnia 2019\u00a0r. o\u00a0dost\u0119pno\u015bci cyfrowej stron internetowych i\u00a0aplikacji mobilnych podmiot\u00f3w publicznych. O\u015bwiadczenie w sprawie dost\u0119pno\u015bci ma zastosowanie do strony internetowej dr Weroniki Kortas. Data publikacji strony internetowej: 2021-09-07 Data ostatniej istotnej aktualizacji: 2022-12-06 Status [&hellip;]<\/p>\n","protected":false},"author":1,"featured_media":0,"parent":0,"menu_order":0,"comment_status":"closed","ping_status":"closed","template":"","meta":{"footnotes":""},"class_list":["post-2025","page","type-page","status-publish","hentry"],"_links":{"self":[{"href":"https:\/\/weronika.kortas.prac.umk.pl\/wordpress\/wp-json\/wp\/v2\/pages\/2025","targetHints":{"allow":["GET"]}}],"collection":[{"href":"https:\/\/weronika.kortas.prac.umk.pl\/wordpress\/wp-json\/wp\/v2\/pages"}],"about":[{"href":"https:\/\/weronika.kortas.prac.umk.pl\/wordpress\/wp-json\/wp\/v2\/types\/page"}],"author":[{"embeddable":true,"href":"https:\/\/weronika.kortas.prac.umk.pl\/wordpress\/wp-json\/wp\/v2\/users\/1"}],"replies":[{"embeddable":true,"href":"https:\/\/weronika.kortas.prac.umk.pl\/wordpress\/wp-json\/wp\/v2\/comments?post=2025"}],"version-history":[{"count":10,"href":"https:\/\/weronika.kortas.prac.umk.pl\/wordpress\/wp-json\/wp\/v2\/pages\/2025\/revisions"}],"predecessor-version":[{"id":2035,"href":"https:\/\/weronika.kortas.prac.umk.pl\/wordpress\/wp-json\/wp\/v2\/pages\/2025\/revisions\/2035"}],"wp:attachment":[{"href":"https:\/\/weronika.kortas.prac.umk.pl\/wordpress\/wp-json\/wp\/v2\/media?parent=2025"}],"curies":[{"name":"wp","href":"https:\/\/api.w.org\/{rel}","templated":true}]}}